{"id":14091,"date":"2021-04-11T20:22:25","date_gmt":"2021-04-11T18:22:25","guid":{"rendered":"http:\/\/neu2020.feucht-obsttechnik.de\/az-eluelso-szerelvenyt-hasznalo-uj-feucht-kaszahazzal-most-mar-akar-100-cm-magasra-nott-fuevet-is-kaszalhat-egy-hagyomanyos-kompakt-traktorral\/"},"modified":"2021-04-11T20:22:25","modified_gmt":"2021-04-11T18:22:25","slug":"az-eluelso-szerelvenyt-hasznalo-uj-feucht-kaszahazzal-most-mar-akar-100-cm-magasra-nott-fuevet-is-kaszalhat-egy-hagyomanyos-kompakt-traktorral","status":"publish","type":"page","link":"https:\/\/feucht-obsttechnik.de\/de\/az-eluelso-szerelvenyt-hasznalo-uj-feucht-kaszahazzal-most-mar-akar-100-cm-magasra-nott-fuevet-is-kaszalhat-egy-hagyomanyos-kompakt-traktorral\/","title":{"rendered":"Az el\u00fcls\u0151 szerelv\u00e9nyt haszn\u00e1l\u00f3 \u00faj Feucht kaszah\u00e1zzal most m\u00e1r ak\u00e1r 100 cm magasra n\u0151tt f\u00fcvet is kasz\u00e1lhat egy \u201ehagyom\u00e1nyos\u201d kompakt traktorral."},"content":{"rendered":"","protected":false},"excerpt":{"rendered":"","protected":false},"author":4,"featured_media":0,"parent":0,"menu_order":0,"comment_status":"closed","ping_status":"closed","template":"100-width.php","meta":{"footnotes":"","_wp_rev_ctl_limit":""},"class_list":["post-14091","page","type-page","status-publish","hentry"],"yoast_head":"<!-- This site is optimized with the Yoast SEO plugin v27.5 - https:\/\/yoast.com\/product\/yoast-seo-wordpress\/ -->\n<title>Magasf\u0171-kasz\u00e1l\u00e1s el\u00fcls\u0151 szerelv\u00e9nnyel - Feucht Obsttechnik<\/title>\n<meta name=\"description\" content=\"A magasf\u0171-kasz\u00e1l\u00e1s el\u00fcls\u0151 szerelv\u00e9nnyel a Feucht Obsttechnik v\u00e1llalatt\u00f3l t\u00f6bb mint 100 cm-es f\u0171 kasz\u00e1l\u00e1s\u00e1t is lehet\u0151v\u00e9 teszi. Ismerje meg f\u0171kasz\u00e1inkat.\" \/>\n<meta name=\"robots\" content=\"index, follow, max-snippet:-1, max-image-preview:large, max-video-preview:-1\" \/>\n<link rel=\"canonical\" href=\"https:\/\/feucht-obsttechnik.de\/de\/az-eluelso-szerelvenyt-hasznalo-uj-feucht-kaszahazzal-most-mar-akar-100-cm-magasra-nott-fuevet-is-kaszalhat-egy-hagyomanyos-kompakt-traktorral\/\" \/>\n<meta property=\"og:locale\" content=\"de_DE\" \/>\n<meta property=\"og:type\" content=\"article\" \/>\n<meta property=\"og:title\" content=\"Magasf\u0171-kasz\u00e1l\u00e1s el\u00fcls\u0151 szerelv\u00e9nnyel - Feucht Obsttechnik\" \/>\n<meta property=\"og:description\" content=\"A magasf\u0171-kasz\u00e1l\u00e1s el\u00fcls\u0151 szerelv\u00e9nnyel a Feucht Obsttechnik v\u00e1llalatt\u00f3l t\u00f6bb mint 100 cm-es f\u0171 kasz\u00e1l\u00e1s\u00e1t is lehet\u0151v\u00e9 teszi. Ismerje meg f\u0171kasz\u00e1inkat.\" \/>\n<meta property=\"og:url\" content=\"https:\/\/feucht-obsttechnik.de\/de\/az-eluelso-szerelvenyt-hasznalo-uj-feucht-kaszahazzal-most-mar-akar-100-cm-magasra-nott-fuevet-is-kaszalhat-egy-hagyomanyos-kompakt-traktorral\/\" \/>\n<meta property=\"og:site_name\" content=\"Feucht Obsttechnik\" \/>\n<meta name=\"twitter:card\" content=\"summary_large_image\" \/>\n<script type=\"application\/ld+json\" class=\"yoast-schema-graph\">{\"@context\":\"https:\\\/\\\/schema.org\",\"@graph\":[{\"@type\":\"WebPage\",\"@id\":\"https:\\\/\\\/feucht-obsttechnik.de\\\/de\\\/az-eluelso-szerelvenyt-hasznalo-uj-feucht-kaszahazzal-most-mar-akar-100-cm-magasra-nott-fuevet-is-kaszalhat-egy-hagyomanyos-kompakt-traktorral\\\/\",\"url\":\"https:\\\/\\\/feucht-obsttechnik.de\\\/de\\\/az-eluelso-szerelvenyt-hasznalo-uj-feucht-kaszahazzal-most-mar-akar-100-cm-magasra-nott-fuevet-is-kaszalhat-egy-hagyomanyos-kompakt-traktorral\\\/\",\"name\":\"Magasf\u0171-kasz\u00e1l\u00e1s el\u00fcls\u0151 szerelv\u00e9nnyel - Feucht Obsttechnik\",\"isPartOf\":{\"@id\":\"https:\\\/\\\/feucht-obsttechnik.de\\\/de\\\/#website\"},\"datePublished\":\"2021-04-11T18:22:25+00:00\",\"description\":\"A magasf\u0171-kasz\u00e1l\u00e1s el\u00fcls\u0151 szerelv\u00e9nnyel a Feucht Obsttechnik v\u00e1llalatt\u00f3l t\u00f6bb mint 100 cm-es f\u0171 kasz\u00e1l\u00e1s\u00e1t is lehet\u0151v\u00e9 teszi. Ismerje meg f\u0171kasz\u00e1inkat.\",\"breadcrumb\":{\"@id\":\"https:\\\/\\\/feucht-obsttechnik.de\\\/de\\\/az-eluelso-szerelvenyt-hasznalo-uj-feucht-kaszahazzal-most-mar-akar-100-cm-magasra-nott-fuevet-is-kaszalhat-egy-hagyomanyos-kompakt-traktorral\\\/#breadcrumb\"},\"inLanguage\":\"de\",\"potentialAction\":[{\"@type\":\"ReadAction\",\"target\":[\"https:\\\/\\\/feucht-obsttechnik.de\\\/de\\\/az-eluelso-szerelvenyt-hasznalo-uj-feucht-kaszahazzal-most-mar-akar-100-cm-magasra-nott-fuevet-is-kaszalhat-egy-hagyomanyos-kompakt-traktorral\\\/\"]}]},{\"@type\":\"BreadcrumbList\",\"@id\":\"https:\\\/\\\/feucht-obsttechnik.de\\\/de\\\/az-eluelso-szerelvenyt-hasznalo-uj-feucht-kaszahazzal-most-mar-akar-100-cm-magasra-nott-fuevet-is-kaszalhat-egy-hagyomanyos-kompakt-traktorral\\\/#breadcrumb\",\"itemListElement\":[{\"@type\":\"ListItem\",\"position\":1,\"name\":\"Startseite\",\"item\":\"https:\\\/\\\/feucht-obsttechnik.de\\\/de\\\/\"},{\"@type\":\"ListItem\",\"position\":2,\"name\":\"Az el\u00fcls\u0151 szerelv\u00e9nyt haszn\u00e1l\u00f3 \u00faj Feucht kaszah\u00e1zzal most m\u00e1r ak\u00e1r 100 cm magasra n\u0151tt f\u00fcvet is kasz\u00e1lhat egy \u201ehagyom\u00e1nyos\u201d kompakt traktorral.\"}]},{\"@type\":\"WebSite\",\"@id\":\"https:\\\/\\\/feucht-obsttechnik.de\\\/de\\\/#website\",\"url\":\"https:\\\/\\\/feucht-obsttechnik.de\\\/de\\\/\",\"name\":\"Feucht Obsttechnik\",\"description\":\"\",\"publisher\":{\"@id\":\"https:\\\/\\\/feucht-obsttechnik.de\\\/de\\\/#organization\"},\"potentialAction\":[{\"@type\":\"SearchAction\",\"target\":{\"@type\":\"EntryPoint\",\"urlTemplate\":\"https:\\\/\\\/feucht-obsttechnik.de\\\/de\\\/?s={search_term_string}\"},\"query-input\":{\"@type\":\"PropertyValueSpecification\",\"valueRequired\":true,\"valueName\":\"search_term_string\"}}],\"inLanguage\":\"de\"},{\"@type\":\"Organization\",\"@id\":\"https:\\\/\\\/feucht-obsttechnik.de\\\/de\\\/#organization\",\"name\":\"Feucht Obsttechnik GmbH\",\"url\":\"https:\\\/\\\/feucht-obsttechnik.de\\\/de\\\/\",\"logo\":{\"@type\":\"ImageObject\",\"inLanguage\":\"de\",\"@id\":\"https:\\\/\\\/feucht-obsttechnik.de\\\/de\\\/#\\\/schema\\\/logo\\\/image\\\/\",\"url\":\"https:\\\/\\\/feucht-obsttechnik.de\\\/wp-content\\\/uploads\\\/logo-feucht@2x-1.png\",\"contentUrl\":\"https:\\\/\\\/feucht-obsttechnik.de\\\/wp-content\\\/uploads\\\/logo-feucht@2x-1.png\",\"width\":640,\"height\":123,\"caption\":\"Feucht Obsttechnik GmbH\"},\"image\":{\"@id\":\"https:\\\/\\\/feucht-obsttechnik.de\\\/de\\\/#\\\/schema\\\/logo\\\/image\\\/\"}}]}<\/script>\n<!-- \/ Yoast SEO plugin. -->","yoast_head_json":{"title":"Magasf\u0171-kasz\u00e1l\u00e1s el\u00fcls\u0151 szerelv\u00e9nnyel - Feucht Obsttechnik","description":"A magasf\u0171-kasz\u00e1l\u00e1s el\u00fcls\u0151 szerelv\u00e9nnyel a Feucht Obsttechnik v\u00e1llalatt\u00f3l t\u00f6bb mint 100 cm-es f\u0171 kasz\u00e1l\u00e1s\u00e1t is lehet\u0151v\u00e9 teszi. Ismerje meg f\u0171kasz\u00e1inkat.","robots":{"index":"index","follow":"follow","max-snippet":"max-snippet:-1","max-image-preview":"max-image-preview:large","max-video-preview":"max-video-preview:-1"},"canonical":"https:\/\/feucht-obsttechnik.de\/de\/az-eluelso-szerelvenyt-hasznalo-uj-feucht-kaszahazzal-most-mar-akar-100-cm-magasra-nott-fuevet-is-kaszalhat-egy-hagyomanyos-kompakt-traktorral\/","og_locale":"de_DE","og_type":"article","og_title":"Magasf\u0171-kasz\u00e1l\u00e1s el\u00fcls\u0151 szerelv\u00e9nnyel - Feucht Obsttechnik","og_description":"A magasf\u0171-kasz\u00e1l\u00e1s el\u00fcls\u0151 szerelv\u00e9nnyel a Feucht Obsttechnik v\u00e1llalatt\u00f3l t\u00f6bb mint 100 cm-es f\u0171 kasz\u00e1l\u00e1s\u00e1t is lehet\u0151v\u00e9 teszi. Ismerje meg f\u0171kasz\u00e1inkat.","og_url":"https:\/\/feucht-obsttechnik.de\/de\/az-eluelso-szerelvenyt-hasznalo-uj-feucht-kaszahazzal-most-mar-akar-100-cm-magasra-nott-fuevet-is-kaszalhat-egy-hagyomanyos-kompakt-traktorral\/","og_site_name":"Feucht Obsttechnik","twitter_card":"summary_large_image","schema":{"@context":"https:\/\/schema.org","@graph":[{"@type":"WebPage","@id":"https:\/\/feucht-obsttechnik.de\/de\/az-eluelso-szerelvenyt-hasznalo-uj-feucht-kaszahazzal-most-mar-akar-100-cm-magasra-nott-fuevet-is-kaszalhat-egy-hagyomanyos-kompakt-traktorral\/","url":"https:\/\/feucht-obsttechnik.de\/de\/az-eluelso-szerelvenyt-hasznalo-uj-feucht-kaszahazzal-most-mar-akar-100-cm-magasra-nott-fuevet-is-kaszalhat-egy-hagyomanyos-kompakt-traktorral\/","name":"Magasf\u0171-kasz\u00e1l\u00e1s el\u00fcls\u0151 szerelv\u00e9nnyel - Feucht Obsttechnik","isPartOf":{"@id":"https:\/\/feucht-obsttechnik.de\/de\/#website"},"datePublished":"2021-04-11T18:22:25+00:00","description":"A magasf\u0171-kasz\u00e1l\u00e1s el\u00fcls\u0151 szerelv\u00e9nnyel a Feucht Obsttechnik v\u00e1llalatt\u00f3l t\u00f6bb mint 100 cm-es f\u0171 kasz\u00e1l\u00e1s\u00e1t is lehet\u0151v\u00e9 teszi. Ismerje meg f\u0171kasz\u00e1inkat.","breadcrumb":{"@id":"https:\/\/feucht-obsttechnik.de\/de\/az-eluelso-szerelvenyt-hasznalo-uj-feucht-kaszahazzal-most-mar-akar-100-cm-magasra-nott-fuevet-is-kaszalhat-egy-hagyomanyos-kompakt-traktorral\/#breadcrumb"},"inLanguage":"de","potentialAction":[{"@type":"ReadAction","target":["https:\/\/feucht-obsttechnik.de\/de\/az-eluelso-szerelvenyt-hasznalo-uj-feucht-kaszahazzal-most-mar-akar-100-cm-magasra-nott-fuevet-is-kaszalhat-egy-hagyomanyos-kompakt-traktorral\/"]}]},{"@type":"BreadcrumbList","@id":"https:\/\/feucht-obsttechnik.de\/de\/az-eluelso-szerelvenyt-hasznalo-uj-feucht-kaszahazzal-most-mar-akar-100-cm-magasra-nott-fuevet-is-kaszalhat-egy-hagyomanyos-kompakt-traktorral\/#breadcrumb","itemListElement":[{"@type":"ListItem","position":1,"name":"Startseite","item":"https:\/\/feucht-obsttechnik.de\/de\/"},{"@type":"ListItem","position":2,"name":"Az el\u00fcls\u0151 szerelv\u00e9nyt haszn\u00e1l\u00f3 \u00faj Feucht kaszah\u00e1zzal most m\u00e1r ak\u00e1r 100 cm magasra n\u0151tt f\u00fcvet is kasz\u00e1lhat egy \u201ehagyom\u00e1nyos\u201d kompakt traktorral."}]},{"@type":"WebSite","@id":"https:\/\/feucht-obsttechnik.de\/de\/#website","url":"https:\/\/feucht-obsttechnik.de\/de\/","name":"Feucht Obsttechnik","description":"","publisher":{"@id":"https:\/\/feucht-obsttechnik.de\/de\/#organization"},"potentialAction":[{"@type":"SearchAction","target":{"@type":"EntryPoint","urlTemplate":"https:\/\/feucht-obsttechnik.de\/de\/?s={search_term_string}"},"query-input":{"@type":"PropertyValueSpecification","valueRequired":true,"valueName":"search_term_string"}}],"inLanguage":"de"},{"@type":"Organization","@id":"https:\/\/feucht-obsttechnik.de\/de\/#organization","name":"Feucht Obsttechnik GmbH","url":"https:\/\/feucht-obsttechnik.de\/de\/","logo":{"@type":"ImageObject","inLanguage":"de","@id":"https:\/\/feucht-obsttechnik.de\/de\/#\/schema\/logo\/image\/","url":"https:\/\/feucht-obsttechnik.de\/wp-content\/uploads\/logo-feucht@2x-1.png","contentUrl":"https:\/\/feucht-obsttechnik.de\/wp-content\/uploads\/logo-feucht@2x-1.png","width":640,"height":123,"caption":"Feucht Obsttechnik GmbH"},"image":{"@id":"https:\/\/feucht-obsttechnik.de\/de\/#\/schema\/logo\/image\/"}}]}},"_links":{"self":[{"href":"https:\/\/feucht-obsttechnik.de\/de\/wp-json\/wp\/v2\/pages\/14091","targetHints":{"allow":["GET"]}}],"collection":[{"href":"https:\/\/feucht-obsttechnik.de\/de\/wp-json\/wp\/v2\/pages"}],"about":[{"href":"https:\/\/feucht-obsttechnik.de\/de\/wp-json\/wp\/v2\/types\/page"}],"author":[{"embeddable":true,"href":"https:\/\/feucht-obsttechnik.de\/de\/wp-json\/wp\/v2\/users\/4"}],"replies":[{"embeddable":true,"href":"https:\/\/feucht-obsttechnik.de\/de\/wp-json\/wp\/v2\/comments?post=14091"}],"version-history":[{"count":0,"href":"https:\/\/feucht-obsttechnik.de\/de\/wp-json\/wp\/v2\/pages\/14091\/revisions"}],"wp:attachment":[{"href":"https:\/\/feucht-obsttechnik.de\/de\/wp-json\/wp\/v2\/media?parent=14091"}],"curies":[{"name":"wp","href":"https:\/\/api.w.org\/{rel}","templated":true}]}}

Az elülső szerelvényt használó új Feucht kaszaházzal most már akár 100 cm magasra nőtt füvet is kaszálhat egy „hagyományos” kompakt traktorral.

<!-- This site is optimized with the Yoast SEO plugin v27.5 - https://yoast.com/product/yoast-seo-wordpress/ -->
<title>Magasfű-kaszálás elülső szerelvénnyel - Feucht Obsttechnik</title>
<meta name="description" content="A magasfű-kaszálás elülső szerelvénnyel a Feucht Obsttechnik vállalattól több mint 100 cm-es fű kaszálását is lehetővé teszi. Ismerje meg fűkaszáinkat." />
<meta name="robots" content="index, follow, max-snippet:-1, max-image-preview:large, max-video-preview:-1" />
<link rel="canonical" href="https://feucht-obsttechnik.de/de/az-eluelso-szerelvenyt-hasznalo-uj-feucht-kaszahazzal-most-mar-akar-100-cm-magasra-nott-fuevet-is-kaszalhat-egy-hagyomanyos-kompakt-traktorral/" />
<meta property="og:locale" content="de_DE" />
<meta property="og:type" content="article" />
<meta property="og:title" content="Magasfű-kaszálás elülső szerelvénnyel - Feucht Obsttechnik" />
<meta property="og:description" content="A magasfű-kaszálás elülső szerelvénnyel a Feucht Obsttechnik vállalattól több mint 100 cm-es fű kaszálását is lehetővé teszi. Ismerje meg fűkaszáinkat." />
<meta property="og:url" content="https://feucht-obsttechnik.de/de/az-eluelso-szerelvenyt-hasznalo-uj-feucht-kaszahazzal-most-mar-akar-100-cm-magasra-nott-fuevet-is-kaszalhat-egy-hagyomanyos-kompakt-traktorral/" />
<meta property="og:site_name" content="Feucht Obsttechnik" />
<meta name="twitter:card" content="summary_large_image" />
<script type="application/ld+json" class="yoast-schema-graph">{"@context":"https:\/\/schema.org","@graph":[{"@type":"WebPage","@id":"https:\/\/feucht-obsttechnik.de\/de\/az-eluelso-szerelvenyt-hasznalo-uj-feucht-kaszahazzal-most-mar-akar-100-cm-magasra-nott-fuevet-is-kaszalhat-egy-hagyomanyos-kompakt-traktorral\/","url":"https:\/\/feucht-obsttechnik.de\/de\/az-eluelso-szerelvenyt-hasznalo-uj-feucht-kaszahazzal-most-mar-akar-100-cm-magasra-nott-fuevet-is-kaszalhat-egy-hagyomanyos-kompakt-traktorral\/","name":"Magasfű-kaszálás elülső szerelvénnyel - Feucht Obsttechnik","isPartOf":{"@id":"https:\/\/feucht-obsttechnik.de\/de\/#website"},"datePublished":"2021-04-11T18:22:25+00:00","description":"A magasfű-kaszálás elülső szerelvénnyel a Feucht Obsttechnik vállalattól több mint 100 cm-es fű kaszálását is lehetővé teszi. Ismerje meg fűkaszáinkat.","breadcrumb":{"@id":"https:\/\/feucht-obsttechnik.de\/de\/az-eluelso-szerelvenyt-hasznalo-uj-feucht-kaszahazzal-most-mar-akar-100-cm-magasra-nott-fuevet-is-kaszalhat-egy-hagyomanyos-kompakt-traktorral\/#breadcrumb"},"inLanguage":"de","potentialAction":[{"@type":"ReadAction","target":["https:\/\/feucht-obsttechnik.de\/de\/az-eluelso-szerelvenyt-hasznalo-uj-feucht-kaszahazzal-most-mar-akar-100-cm-magasra-nott-fuevet-is-kaszalhat-egy-hagyomanyos-kompakt-traktorral\/"]}]},{"@type":"BreadcrumbList","@id":"https:\/\/feucht-obsttechnik.de\/de\/az-eluelso-szerelvenyt-hasznalo-uj-feucht-kaszahazzal-most-mar-akar-100-cm-magasra-nott-fuevet-is-kaszalhat-egy-hagyomanyos-kompakt-traktorral\/#breadcrumb","itemListElement":[{"@type":"ListItem","position":1,"name":"Startseite","item":"https:\/\/feucht-obsttechnik.de\/de\/"},{"@type":"ListItem","position":2,"name":"Az elülső szerelvényt használó új Feucht kaszaházzal most már akár 100 cm magasra nőtt füvet is kaszálhat egy „hagyományos” kompakt traktorral."}]},{"@type":"WebSite","@id":"https:\/\/feucht-obsttechnik.de\/de\/#website","url":"https:\/\/feucht-obsttechnik.de\/de\/","name":"Feucht Obsttechnik","description":"","publisher":{"@id":"https:\/\/feucht-obsttechnik.de\/de\/#organization"},"potentialAction":[{"@type":"SearchAction","target":{"@type":"EntryPoint","urlTemplate":"https:\/\/feucht-obsttechnik.de\/de\/?s={search_term_string}"},"query-input":{"@type":"PropertyValueSpecification","valueRequired":true,"valueName":"search_term_string"}}],"inLanguage":"de"},{"@type":"Organization","@id":"https:\/\/feucht-obsttechnik.de\/de\/#organization","name":"Feucht Obsttechnik GmbH","url":"https:\/\/feucht-obsttechnik.de\/de\/","logo":{"@type":"ImageObject","inLanguage":"de","@id":"https:\/\/feucht-obsttechnik.de\/de\/#\/schema\/logo\/image\/","url":"https:\/\/feucht-obsttechnik.de\/wp-content\/uploads\/logo-feucht@2x-1.png","contentUrl":"https:\/\/feucht-obsttechnik.de\/wp-content\/uploads\/logo-feucht@2x-1.png","width":640,"height":123,"caption":"Feucht Obsttechnik GmbH"},"image":{"@id":"https:\/\/feucht-obsttechnik.de\/de\/#\/schema\/logo\/image\/"}}]}</script>
<!-- / Yoast SEO plugin. -->

Magasfű-kaszálás elülső szerelvénnyel - Feucht Obsttechnik

A magasfű-kaszálás elülső szerelvénnyel a Feucht Obsttechnik vállalattól több mint 100 cm-es fű kaszálását is lehetővé teszi. Ismerje meg fűkaszáinkat.
